Convert -1001101110011111010 (base 2) to base 13.
-b20b6
Convert -2a06a (base 13) to base 16.
-1354c
Convert -315710 (base 9) to base 12.
-90909
1011001100000011111100 (base 2) to base 8
13140374
What is 10012220220 (base 3) in base 7?
352512
What is -4774143 (base 9) in base 11?
-1508501
What is 101040 (base 5) in base 4?
303012
347a1 (base 12) to base 11
48863
Convert 1002100110200 (base 3) to base 4.
2031002232
11001100101000101 (base 2) to base 7
614314
What is -1026552 (base 8) in base 3?
-111220112122
What is -1400332 (base 9) in base 11?
-484a3a
What is -7733 (base 16) in base 14?
-b199
-165457 (base 13) to base 4
-2013112120
121510520 (base 6) to base 11
1349a41
Convert -10040428 (base 9) to base 13.
-cc51c5
-10001001101110001 (base 2) to base 5
-4224023
316db9 (base 14) to base 15
2301e3
Convert 65a5a (base 15) to base 3.
121102000111
Convert 1145714 (base 9) to base 4.
2113212133
103416 (base 11) to base 8
503251
What is -99a06 (base 14) in base 5?
-43404111
-121549 (base 11) to base 14
-50134
Convert 2b2de (base 16) to base 10.
176862
Convert -10101110111100110 (base 2) to base 4.
-111313212
Convert -42046 (base 9) to base 11.
-19932
Convert -1a765 (base 14) to base 13.
-24843
What is -14892b (base 13) in base 3?
-221122021112
What is -bb378 (base 16) in base 14?
-15d664
What is -420635 (base 9) in base 14?
-67096
What is -23301030302 (base 4) in base 12?
-1049442
What is 21020122011 (base 3) in base 10?
142618
12736a (base 14) to base 16
9aeb2
What is -164110 (base 12) in base 9?
-638623
9895895 (base 10) to base 3
200121202121122
-212102211 (base 3) to base 6
-211034
-123322031122 (base 4) to base 3
-111202201002121
2aaa5 (base 16) to base 13
6170b
Convert -13002122 (base 4) to base 10.
-28826
Convert -110011100001111110000001 (base 2) to base 6.
-1201311133
What is -2124046 (base 12) in base 2?
-10111111010100100110110
142235025 (base 6) to base 14
55b945
-4679a9 (base 13) to base 16
-198969
-3150200 (base 8) to base 11
-523a62
What is 10111101011011001011100 (base 2) in base 10?
6207068
What is -312076 (base 9) in base 6?
-3545323
Convert aa68 (base 12) to base 8.
44560
200221102121100 (base 3) to base 9
20842540
-1001110110000111011001 (base 2) to base 8
-11660731
-240954 (base 10) to base 14
-63b50
What is 7608770 (base 10) in base 2?
11101000001100111000010
What is 2b8da (base 14) in base 2?
11010100011101000
Convert 44052421 (base 6) to base 3.
2110201200211
13bce (base 15) to base 9
105885
Convert b6953 (base 12) to base 15.
4b0d3
Convert 13141121 (base 6) to base 13.
1221b8
What is -10504030 (base 7) in base 8?
-3357253
Convert -41421033 (base 5) to base 9.
-571140
-5424385 (base 9) to base 3
-12110211102212
What is 10023424 (base 5) in base 11?
55004
1101100010101111011010 (base 2) to base 5
1402101140
What is -56ac6 (base 15) in base 3?
-112000100020
Convert -12858373 (base 9) to base 14.
-bb6a8d
What is 240ec1 (base 15) in base 16?
1a50a5
287865 (base 12) to base 8
2452015
What is 86b314 (base 13) in base 14?
5c5d17
Convert -33212210212 (base 4) to base 10.
-4090150
Convert -626103 (base 7) to base 4.
-122103222
45b33b (base 13) to base 16
1937dd
What is -10312223 (base 7) in base 15?
-124d7b
4bc0a5 (base 13) to base 2
110111101110000110010
Convert -257020 (base 8) to base 13.
-31a37
Convert -102211200102 (base 3) to base 8.
-707130
4717667 (base 8) to base 10
1286071
Convert 43625 (base 9) to base 10.
28940
What is -c1100 (base 15) in base 5?
-124023400
-61a659 (base 15) to base 12
-167a463
What is -124445 (base 9) in base 5?
-4403302
Convert -32625 (base 10) to base 11.
-2256a
107862 (base 10) to base 5
11422422
2252000 (base 8) to base 2
10010101010000000000
Convert 2866b4 (base 13) to base 6.
33042041
225340 (base 7) to base 3
2001021211
Convert -4458b (base 12) to base 15.
-1bd08
What is -1133465 (base 7) in base 9?
-237052
What is -b7d (base 16) in base 6?
-21341
Convert -8a81ab (base 14) to base 11.
-2726a86
What is -10432504 (base 6) in base 9?
-530754
-37a4a64 (base 11) to base 16
-64a1ee
-10223133022 (base 4) to base 2
-100101011011111001010
Convert db7182 (base 15) to base 16.
9f7ef2
What is 230852 (base 11) in base 12?
1584b6
What is 3293830 (base 11) in base 7?
100034334
a28656 (base 11) to base 15
2293bc
Convert -2c21c (base 13) to base 3.
-11021000112
-129a42 (base 11) to base 6
-4210240
What is -11032130 (base 4) in base 10?
-21404
1100100111000000011010 (base 2) to base 15
454618
Convert -299a648 (base 11) to base 4.
-103212200012
-43332354 (base 6) to base 8
-4722516
-2302200321 (base 4) to base 3
-1101011000020
Convert 823813 (base 10) to base 5.
202330223
What is 4499940 (base 10) in base 6?
240241020
What is 721110 (base 9) in base 6?
13054100
70a33 (base 13) to base 12
9884b
-2121220311 (base 4) to base 14
-1254a1
Convert 158545 (base 9) to base 13.
35888
Convert -9322 (base 12) to base 8.
-37212
Convert -19f107 (base 16) to base 12.
-69ba33
-2515c1 (base 13) to base 12
-36a292
Convert -2222605 (base 8) to base 2.
-10010010010110000101
Convert 2101111001002 (base 3) to base 9.
2344032
Convert -243270 (base 9) to base 15.
-2d739
Convert -495d74 (base 15) to base 3.
-20121110222101
1c13d2 (base 14) to base 12
404078
What is 20103210110 (base 4) in base 3?
11002121200202
11143122 (base 7) to base 5
221444242
-635a (base 12) to base 5
-321440
-3548061 (base 9) to base 5
-442443244
2021443 (base 6) to base 11
66388
What is -10274775 (base 8) in base 15?
-2d50b2
What is -10141341111 (base 5) in base 4?
-220002212112
Convert -11030441 (base 5) to base 3.
-11212100011
-103161602 (base 7) to base 8
-27352740
-152871 (base 9) to base 4
-112331020
-100010011011011011010110 (base 2) to base 15
-bd4228
Convert 114340114 (base 5) to base 12.
2223b3
What is -8cc0 (base 16) in base 3?
-1211102112
What is -3665763 (base 8) in base 12?
-408a6b
-2436484 (base 9) to base 7
-14151463
What is 1222003112 (base 4) in base 11?
277400
-13042410 (base 5) to base 15
-27d3a
Convert 6e05b8 (base 15) to base 10.
5266298
Convert 51841 (base 11) to base 3.
10211122010
-152350340 (base 6) to base 7
-36135606
Convert 1303b16 (base 13) to base 9.
12166634
What is 127745 (base 10) in base 7?
1041302
Convert 2c5928 (base 13) to base 4.
10030002002
-2214202202 (base 5) to base 16
-49c575
What is -101011213220 (base 4) in base 8?
-21054750
Convert 110110100010010100 (base 2) to base 9.
370370
What is -24044401 (base 5) in base 6?
-4431031
What is 254a0 (base 14) in base 6?
1543300
Convert 2f042f (base 16) to base 2.
1011110000010000101111
What is 4653114 (base 7) in base 15?
b82dc
-657302 (base 12) to base 7
-16451360
Convert -2ab876 (base 12) to base 4.
-2301010122
c957c (base 16) to base 10
824700
-b7131 (base 13) to base 2
-1010000100000011111
Convert 173616 (base 10) to base 8.
523060
Convert 123311231 (base 4) to base 3.
12210102022
-9f58a5 (base 16) to base 13
-2218354
What is 3022310402 (base 5) in base 13?
1340c14
What is 5b081a (base 13) in base 2?
1000010010010001101011
1002011221000 (base 4) to base 14
242d8c0
Convert -201202312 (base 4) to base 10.
-137398
1475555 (base 10) to base 5
334204210
What is 2668299 (base 11) in base 12?
16629a8
What is 9518702 (base 10) in base 2?
100100010011111001101110
Convert 100010010000110010111111 (base 2) to base 4.
202100302333
What is 180409 (base 11) in base 5?
32404142
52c4b4 (base 15) to base 13
a7c2a5
What is -2211111122001 (base 3) in base 12?
-607531
Convert 2210125 (base 6) to base 5.
12011323
-24626312 (base 7) to base 5
-1032204130
5ed53b (base 15) to base 2
10001010111000000011001
What is -5811079 (base 10) in base 14?
-ab3a51
9b692 (base 13) to base 7
2254114
-62105 (base 11) to base 12
-4454a
What is -5443030 (base 6) in base 14?
-706a6
Convert 120234 (base 8) to base 16.
a09c
-10202012220111 (base 3) to base 8
-7463141
What is 10434420 (base 7) in base 5?
212241211
What is -57aab (base 14) in base 6?
-4323543
Convert -20002254 (base 6) to base 14.
-108334
What is -2222431 (base 5) in base 14?
-10380
What is -3a9483 (base 11) in base 13?
-196368
What is -101100100110000101110100 (base 2) in base 12?
-3ab9304
29e76a (base 15) to base 8
7557604
What is -3414156 (base 7) in base 14?
-b0766
-277852 (base 11) to base 2
-1101010001011110011
Convert -10110100100010011000111 (bas